 2527 + 11521 = i. Is s a composite number?
False
Suppose -3*k - 137 = -0*b - b, -b = 2*k + 88. Let o = k + 47. Suppose -6378 = -3*y + 3*j, -o*j = y - 0*y - 2135. Is y composite?
False
Suppose 2*f - 2*d = 3035626, 3*f - 1774408 - 2779019 = d. Is f a composite number?
False
Let m = 58541 + 74808. Is m composite?
False
Let s(n) = -5*n**2 + 17*n + 18. Let t be s(15). Let y = 2654 + t. Let b = y - 1281. Is b prime?
True
Let w(t) = -2621*t + 5500. Is w(-18) prime?
False
Let m = 1054625 - 696658. Is m composite?
False
Is 40911 + ((-20)/(-25) - 2)/((-15)/25) prime?
False
Let b be (1 + -4)*(-30)/18. Suppose b*t - 988 = -4*c + t, c - 4*t = 222. Let o = c + 501. Is o a prime number?
True
Suppose -3*p + 325789 = 2*q, q + 5*p = 61685 + 101227. Suppose -12*i + 62029 = -q. Is i a composite number?
False
Let o(a) = a. Let d(p) = -747*p - 11. Let y(n) = -d(n) + 3*o(n). Suppose -4*g = 4*f - 32, 69*f - 68*f - 23 = -4*g. Is y(g) composite?
False
Let y(m) be the third derivative of -765*m**4/8 + 23*m**3/3 + 183*m**2. Is y(-3) a prime number?
False
Suppose -87*o + 1264987 = -70*o. Is o a composite number?
False
Let s(y) be the first derivative of -827*y**4/4 - y**3 + 5*y**2/2 + 5*y - 16. Suppose -7*u = -8*u - 2. Is s(u) a prime number?
True
Let p(o) = 115*o + 23. Let n be p(14). Let q = 190 + n. Is q prime?
True
Let i = -41 + 47. Let o(y) = 3878*y - 109. Is o(i) a composite number?
False
Let j(z) = -2217*z - 796. Is j(-9) composite?
False
Let x(y) = 179*y + 86. Suppose 67 = 4*u + 5*j, 3*j - 29 = u - 33. Is x(u) a prime number?
False
Let h = 2878 - 375. Is h prime?
True
Let m be (11 - -14)*(-4)/(-10). Suppose -24319 = -m*t + 3351. Is t a composite number?
False
Let f(j) = 33*j - 4. Let i be f(6). Suppose 206 = g + 4*w, 0*w + i = g + w. Suppose 2004 = 2*u - g. Is u prime?
True
Suppose 3734462 + 32593383 = 205*t. Is t a prime number?
True
Suppose -5*t - o = -19, t - 8 = 4*o - 0. Suppose -1053 + 6961 = t*v. Is v a composite number?
True
Suppose 4 = 3*y - 4*q, -19*y + 3*q + 6 = -16*y. Suppose 1876 = 4*d - 428. Suppose -1484 - d = -y*z. Is z a prime number?
False
Suppose -3*a + 5*f = -14, -40*a + 4*f + 16 = -36*a. Suppose -3*c + 5*c = -4*m + 12554, 3*m - 9402 = a*c. Is m a prime number?
True
Let c(a) = -a**3 + 3*a**2 + 5*a - 4. Let b be c(3). Suppose -4*j - 28 = -b*j. Suppose d + 2721 = j*d. Is d prime?
True
Suppose -3*w - 3 = v, 0 = -v - 2*w + 5*w + 9. Let g be v*((-2)/(-8) - 104/32). Let u(m) = -104*m - 17. Is u(g) prime?
True
Let s be (-134)/(8/(-6 + 2)). Let h = 37 - 69. Let o = h + s. Is o composite?
True
Suppose -442639 - 644193 = -16*u. Is u a composite number?
False
Suppose 0*s = 3*s - 6. Let n be ((-12)/14)/((-2)/14). Suppose -s*w + 1138 + n = 4*z, 0 = -3*z - 3*w + 855. Is z a composite number?
True
Let h be ((7 - 3) + (-22)/5)*5. Is h/(-3)*(-293010)/(-20) prime?
True
Suppose -536*i + 532*i + 2*m = -22950, 0 = -4*i - 5*m + 22943. Is i a composite number?
False
Let d = -28 - -30. Suppose -48 = -5*g + o - 7, -d*o = 5*g - 38. Suppose 941 = 9*p - g*p. Is p composite?
False
Let n = 5878 - 3779. Is n a composite number?
False
Is ((-68806)/((7 - 2) + -2))/((-22)/66) composite?
True
Is (-17)/(-34)*(154967 - 1) a prime number?
False
Suppose 3*c - 25757 = -2*d, -4*c - 12873 = 14*d - 15*d. Suppose 2094 = r - d. Is r a prime number?
False
Suppose 98 = -3*k + 104. Let a(z) = 79*z - 9. Is a(k) a composite number?
False
Let s(i) = -i**2 - 24*i + 46. Let d be s(-32). Let a = d + 641. Is a a composite number?
False
Suppose -9450 = -8*z + 6*z. Suppose 4*c - x - z = 0, 0 = -c - c + 5*x + 2367. Suppose 3*g + 140 = c. Is g composite?
False
Let t(v) = 31*v - 22. Let z be t(-7). Is 938/28*(-3 + 1)*z a prime number?
False
Let u = -4666 - -9417. Is u a prime number?
True
Suppose -199*g + 201*g - 34098 = 0. Suppose 70*q = 67*q + g. Is q a prime number?
True
Let w = -32 + 35. Let t be 2644 + (-3)/w + 7/(-7). Suppose -3*q + l = -t, 0 = 4*q + l - 0*l - 3511. Is q a composite number?
True
Let s(d) = 79*d + 245. Let t be s(-15). Let n = t + 1659. Is n composite?
False
Suppose 4*f + 30 = -46. Let z(n) = 49*n**2 + n - 13. Is z(f) a prime number?
True
Suppose 0 = 3*z - 4*q - 21780 - 9693, 0 = z - 2*q - 10489. Is z a prime number?
False
Suppose 119*w - 232*w + 8481893 = 0. Is w a composite number?
True
Suppose -34*r + 36597 = -23*r. Suppose 0 = -5*w + 4*a + 16641, 0 = -w + 7*a - 5*a + r. Is w a composite number?
False
Let m be 20/(-24) + (-58)/(-12). Suppose 5*t + 147395 = 5*a, -4*t + 75533 + 42367 = m*a. Is a a composite number?
True
Let d be 8333/(-65) - (6/(-5) - -1). Let i be 2/(-3) - d/12. Suppose 7*n - i*n = -3855. Is n composite?
True
Let k(r) = 2*r**3 + 13*r**2 + 9*r + 32. Let l be k(-8). Is 29/(l/(-786000)) + 1 prime?
True
Let k = -8338 - -24719. Is k a prime number?
True
Let o = -47 + 643. Suppose 594*n - o*n + 5534 = 0. Is n a prime number?
True
Suppose 0 = -2*f + 5*f - 2*i - 3, 5*f - 24 = -3*i. Suppose 4*r = 3*r + 1016. Suppose -f*v - 5*w + 769 = 0, -2*w + r = 7*v - 3*v. Is v a composite number?
True
Suppose 2*z - 211494 = -4*q, -183*q = 2*z - 184*q - 211484. Is z a composite number?
True
Let y(t) = 792*t**2 - 3*t - 2. Let s be -1 + (20/(-8) + 3)*0. Let i be y(s). Suppose -i = -0*u - u. Is u a composite number?
True
Let h(l) = -l**3 + 22*l**2 + 222*l + 5045. Is h(-92) prime?
True
Let m = 7215 - -3799. Let t = -5091 + m. Is t a prime number?
True
Is 3643046/121 + 6/33 - -3 a prime number?
False
Let l(o) be the first derivative of 2*o**3 - 5*o**2 + 9*o + 1. Let p be 112/(-4)*10/35. Is l(p) a composite number?
True
Suppose v + 0*v - 4943 = 0. Let t = 5041 - 8566. Let c = v + t. Is c composite?
True
Let l be 1166/(-6) - 16/24. Let w = l - -623. Suppose 0 = 2*n + 5*u - 853, 0*n - n - 3*u = -w. Is n a composite number?
False
Suppose -5*s - n - 5126 = -23928, 0 = -3*s + 2*n + 11276. Suppose 31*t - 5385 = s. Is t a prime number?
False
Let v be 29 - -1 - (8 - -2 - 6). Suppose 21*g + 19535 = v*g. Is g composite?
False
Suppose -72*b - 1036 = -58*b. Let q be 48/(-10)*1*-40. Let z = q + b. Is z composite?
True
Let i = -78 - -106. Let z be (-552232)/i - (-12)/21. Is ((-1)/2)/((39/z)/13) a prime number?
False
Suppose 2*z = p + 1969, -4*p + 3*p - 985 = -z. Suppose 9*h = 11*h - z. Suppose -98 - h = -2*i. Is i a composite number?
True
Let s be ((-40)/(-6))/((-34)/(-153)). Is ((-12)/(-4))/(s/7510) a prime number?
True
Let t(k) = -32*k**2 + 4*k + 33. Let d(o) = 31*o**2 - 4*o - 35. Let j(r) = -5*d(r) - 6*t(r). Let l(z) = -2*z - 4. Let g be l(-5). Is j(g) a composite number?
True
Let o = -172799 - -243879. Suppose -9*d = -d - o. Is d composite?
True
Let h(v) = -3*v - 44 + 41 + 79*v**3 - 470*v**3 - 9*v**2 + 8*v**2. Is h(-2) composite?
True
Let y(v) = -4*v - 3. Suppose 3*z = -5*c + 62 - 13, -3*c + 2*z + 18 = 0. Suppose 10*g + c = -52. Is y(g) a prime number?
False
Suppose -3*u - 8 = 2*c - 14, -4*u - c = -3. Suppose u = -2*r + 2*g + 7640, 3*r - 11465 = -0*r - 2*g. Is r a prime number?
True
Suppose 153 = 4*r - 167. Let c = r - 72. Is (c + (-15)/(-5))*(26 - -3) a prime number?
False
Suppose 3*j + 49 = q, -4*j = 2*q - 5*q + 72. Let g(a) = 4*a + 69. Let z be g(j). Let k(i) = 8*i**3 + 10*i**2 - 15*i + 14. Is k(z) prime?
True
Is (-726)/1331 - (-547003)/11 composite?
False
Let d be -2364 + (12/30 - (-4)/(-10)). Let i = -1324 - d. Suppose -a + 187 + i = 0. Is a a composite number?
True
Suppose 0 = 5*y - 0 - 10. Suppose -7*q + 2341 - 339 = 0. Suppose -322 = -4*d + y*c, 4*d = -3*c + 21 + q. Is d composite?
False
Let q = 49 + -47. Let t(k) = 472*k - 15. Let w be t(q). Suppose -6*r + 2*r - w = -p, -3*p + 2723 = 4*r. Is p a prime number?
False
Suppose 0 = 2*a - 2*w - 60270, w + 17458 = 2*a - 42810. Is a a prime number?
True
Let n(l) = 1665*l**2 + 69*l - 7. Is n(-4) a composite number?
False
Suppose 0*b = 14*b - 84. Let o be (52/39)/(2/b). Is (-5 - (-1915)/(-5))*(-3)/o a composite number?
True
Let t(f) = -142*f - 39. Let o(k) = 3*k - 61. Let c be o(25). Suppose -12*w = -c*w - 14. Is t(w) prime?
False
Is (-5667)/3*55/(-11) a composite number?
True
Suppose -5 + 17 = -4*x. Is x + 2 - ((1 - 2) + -1165) prime?
False
Let i = -121 - -128. Suppose 0 = z - l - 4235, -3*z - 16944 = -i*z + 2*l. Is z composite?
True
Let l be (-3 - (0 - -2))/(-1). Let j be -1 - (35/l - 4). Is j/7 - 7329/(-49) prime?
True
Let k(c) = 4*c**2 + 13*c 